ase 7) in base 5?
-21223144
Convert -97b178 (base 12) to base 7.
-26301260
Convert 17289 (base 16) to base 5.
11013412
232b8b (base 13) to base 15
117477
What is -11461592 (base 10) in base 4?
-223232033120
What is -224411 (base 8) in base 4?
-102210021
-231003304 (base 5) to base 6
-34040224
85908 (base 11) to base 14
33720
Convert 35255521 (base 6) to base 16.
10bac9
-32102102 (base 4) to base 6
-1130522
What is -66634522 (base 8) in base 12?
-498a32a
Convert -3e0033 (base 16) to base 8.
-17400063
Convert -5adca0 (base 14) to base 6.
-150404500
What is -20110200121 (base 3) in base 13?
-45c70
-481bb3 (base 16) to base 11
-2738526
What is 22ba0 (base 13) in base 14?
19201
What is -1100022 (base 5) in base 9?
-27656
-50225473 (base 8) to base 16
-a12b3b
What is -1427515 (base 13) in base 4?
-120112323001
What is 184740 (base 12) in base 7?
3410220
215040103 (base 7) to base 15
120c531
2312645 (base 7) to base 14
77525
What is 114a248 (base 11) in base 2?
111101001011100101100
What is 296427 (base 13) in base 8?
3673426
What is -1586990 (base 12) in base 6?
-234250300
Convert 41db0 (base 14) to base 13.
57563
What is 39b4c2 (base 14) in base 11?
113a423
What is 1212121212 (base 3) in base 6?
442505
Convert 112031111 (base 4) to base 12.
44785
21021210102 (base 3) to base 2
100011000001100110
What is 221102101212002 (base 3) in base 11?
7698669
433333414 (base 5) to base 2
111000100111111111100
a51b86 (base 12) to base 9
4785213
-22603220 (base 8) to base 15
-671cc0
What is -507364 (base 9) in base 4?
-1021121221
What is b8075 (base 15) in base 16?
8e931
What is -13091a (base 13) in base 16?
-6ff18
Convert -181a219 (base 11) to base 15.
-41003c
Convert -12b93a (base 13) to base 2.
-1101110111000001000
-122221200012 (base 4) to base 14
-cdbb70
-2212332121 (base 4) to base 15
-d79a4
Convert -13b424 (base 12) to base 2.
-1010000101110011100
Convert -a05a6 (base 11) to base 10.
-147131
What is -bbaa92 (base 13) in base 14?
-831817
What is -1001042 (base 6) in base 16?
-b732
5051729 (base 10) to base 11
2940491
Convert -3257133 (base 8) to base 4.
-3111321123
What is 1230011232 (base 4) in base 3?
211111022120
What is 1533451 (base 8) in base 11?
280726
What is -1234a (base 15) in base 12?
-29774
Convert 21110120200122 (base 3) to base 5.
2003431341
140300324 (base 5) to base 15
e120e
-6219b (base 16) to base 7
-3262325
-53d7c (base 15) to base 13
-94290
What is 110001120211 (base 3) in base 13?
8405b
Convert -1232104140 (base 5) to base 8.
-13352426
-1244320402 (base 5) to base 9
-5774870
Convert -237647 (base 10) to base 8.
-720117
1664688 (base 13) to base 14
d64d83
Convert 19b25 (base 12) to base 4.
21100031
Convert 82a06 (base 12) to base 6.
3354410
What is 1a7a23 (base 12) in base 14?
c329d
Convert -10111100333 (base 4) to base 14.
-217c3d
What is -276162 (base 14) in base 9?
-2504322
What is -260438 (base 10) in base 4?
-333211112
What is 526326 (base 7) in base 6?
1541330
-1561322 (base 7) to base 11
-138806
-10720351 (base 8) to base 6
-122013545
What is 104868 (base 13) in base 3?
201101100100
Convert -1221214 (base 5) to base 16.
-5b0d
What is -633462 (base 7) in base 4?
-122230002
Convert -1022461 (base 7) to base 13.
-44206
What is -301310320 (base 4) in base 3?
-101100221211
Convert -1321021201 (base 4) to base 11.
-309904
Convert -110010011110101011110010 (base 2) to base 5.
-11341423012
What is -14c564 (base 14) in base 10?
-725484
552245 (base 7) to base 6
2024225
What is 1414210131 (base 5) in base 8?
15762476
Convert 3be0f (base 16) to base 4.
323320033
1531302 (base 7) to base 9
348183
ca02 (base 15) to base 11
2a136
What is -230222641 (base 7) in base 4?
-311203221220
What is 1b434 (base 16) in base 9?
180155
-16005054 (base 7) to base 2
-101110101110100110111
b42b7c (base 13) to base 7
50511650
Convert -12021112200 (base 3) to base 10.
-103914
What is -215007 (base 8) in base 16?
-11a07
What is -2b717 (base 13) in base 12?
-3b8a4
What is 56985 (base 14) in base 13?
74a17
Convert 1253205 (base 6) to base 4.
100330211
Convert -31114423 (base 6) to base 3.
-1200112211220
-2a348b (base 14) to base 10
-1468947
523555 (base 6) to base 7
234266
Convert -509ac (base 14) to base 13.
-6a3ba
What is 122c9 (base 16) in base 15?
170cb
What is -762700 (base 9) in base 11?
-290715
-103213122 (base 4) to base 9
-132183
Convert -22002233 (base 5) to base 3.
-100112122020
Convert -5741026 (base 8) to base 9.
-2832735
-1011001110011111010 (base 2) to base 9
-620550
What is -fc0fb (base 16) in base 14?
-1cc37d
Convert -10010110010111101101111 (base 2) to base 11.
-2865a93
Convert -1031332 (base 5) to base 13.
-80ab
What is 2002021202 (base 3) in base 10?
41033
Convert 39554 (base 12) to base 5.
10003134
-a430b (base 14) to base 4
-1200213113
Convert 1c861 (base 16) to base 3.
12221021011
What is -16408547 (base 9) in base 12?
-2901637
Convert -200053 (base 9) to base 12.
-58456
What is -2434110 (base 5) in base 4?
-23101023
Convert 31b57 (base 15) to base 5.
20022212
202504351 (base 7) to base 14
1806998
What is 61312 (base 9) in base 2?
1001110110011101
What is -31264152 (base 7) in base 11?
-1541870
What is -431542332 (base 6) in base 10?
-7649552
Convert 51c0d (base 14) to base 16.
30245
What is 2c193c (base 15) in base 5?
1021203312
-74852 (base 10) to base 15
-172a2
What is 1060c6 (base 15) in base 12?
317343
Convert 527673 (base 9) to base 4.
1030222212
Convert 22316330 (base 7) to base 4.
13121000120
What is 211221203 (base 4) in base 9?
254475
-1562762 (base 8) to base 12
-199756
What is 10334 (base 10) in base 14?
3aa2
What is 4c6238 (base 13) in base 5?
432411341
-7254501 (base 8) to base 4
-13111211001
-1647b (base 15) to base 2
-10001100011010011
What is -122012021012 (base 3) in base 2?
-1010010101000010010
What is -152735 (base 9) in base 15?
-1cc5b
Convert 118780 (base 9) to base 3.
10122212200
-326a83 (base 11) to base 13
-153616
Convert 303734 (base 15) to base 4.
20233003102
What is 20552 (base 14) in base 9?
127747
Convert -6433065 (base 8) to base 11.
-a73689
14a5723 (base 11) to base 3
11211112222011
10301120213 (base 4) to base 10
1250855
What is -8da3a (base 14) in base 3?
-122112021020
What is 19e3d (base 15) in base 2?
10100100011110000
Convert 7388055 (base 9) to base 4.
33011232110
What is -6ae76f (base 16) in base 3?
-111011221111211
403ba (base 16) to base 10
263098
-111331 (base 10) to base 8
-331343
Convert 2a65c (base 15) to base 3.
20221011020
a30618 (base 11) to base 4
12110012022
Convert 112111110222122 (base 3) to base 8.
35311660
What is -8189997 (base 10) in base 11?
-46942a2
Convert -295125 (base 12) to base 9.
-1265672
What is -1100000000000100100 (base 2) in base 16?
-60024
Convert -1000110111010111100 (base 2) to base 7.
-2316626
What is 2bc84 (base 13) in base 4?
110113201
-4867b1 (base 16) to base 12
-170a041
-2021012011101 (base 3) to base 9
-2235141
a4791 (base 12) to base 6
4341101
What is 3232414003 (base 5) in base 4?
122121123012
-5741100 (base 9) to base 14
-5a8c14
61061 (base 16) to base 3
202012010212
-fc1 (base 16) to base 3
-12112101
Convert 2100000101122 (base 3) to base 8.
4566374
304462 (base 7) to base 14
14d69
What is 6a2256 (base 11) in base 3?
2002200102112
Convert 38045 (base 10) to base 12.
1a025
What is 52433052 (base 6) in base 14?
2bb144
What is 593784 (base 10) in base 6?
20421000
What is -6743707 (base 8) in base 16?
-1bc7c7
Convert 22232223 (base 4) to base 5.
2401242
Convert 31332230 (base 4) to base 8.
157654
What is 2748a1 (base 14) in base 9?
2487710
Convert 1030122404 (base 5) to base 7.
24430224
What is -db6c3 (base 15) in base 7?
-5631303
1250505 (base 6) to base 5
4200443
-530d (base 16) to base 14
-7a69
Convert -102110030110 (base 4) to base 2.
-10010010100001100010100
5f0f4d (base 16) to base 14
b824c5
What is -274843 (base 12) in base 9?
-1201816
Convert -20220020121 (base 3) to base 4.
-201021130
-562403 (base 7) to base 10
-99326
Convert -41203531 (base 6) to base 10.
-1182799
Convert 50445512 (base 6) to base 14.
295aba
Convert 2554114 (base 6) to base 16.
2213e
Convert -1341300013 (base 5) to base 3.
-20111220200001
-1202231331 (base 4) to base 5
-100414344
Convert -491150 (base 16) to base 12.
-172b1a8
Convert -8101 (base 13) to base 8.
-42522
Convert 19498bb